{"id":405,"date":"2024-12-15T15:57:15","date_gmt":"2024-12-15T14:57:15","guid":{"rendered":"https:\/\/sonnier.info\/asca\/?page_id=405"},"modified":"2025-01-13T17:42:01","modified_gmt":"2025-01-13T16:42:01","slug":"les-marie-chantal","status":"publish","type":"page","link":"http:\/\/sonnier.info\/asca\/?page_id=405","title":{"rendered":"LES \u00ab\u00a0MARIE-CHANTAL\u00a0\u00bb &#8230;"},"content":{"rendered":"\n<figure class=\"wp-block-image size-large\"><a href=\"http:\/\/sonnier.info\/asca\/wp-content\/uploads\/2023\/11\/Affiche-ASCA-Ft40x60-cm-scaled.jpg\"><img loading=\"lazy\" decoding=\"async\" width=\"1024\" height=\"724\" src=\"http:\/\/sonnier.info\/asca\/wp-content\/uploads\/2023\/11\/Affiche-ASCA-Ft40x60-cm-1024x724.jpg\" alt=\"\" class=\"wp-image-184\" srcset=\"http:\/\/sonnier.info\/asca\/wp-content\/uploads\/2023\/11\/Affiche-ASCA-Ft40x60-cm-1024x724.jpg 1024w, http:\/\/sonnier.info\/asca\/wp-content\/uploads\/2023\/11\/Affiche-ASCA-Ft40x60-cm-300x212.jpg 300w, http:\/\/sonnier.info\/asca\/wp-content\/uploads\/2023\/11\/Affiche-ASCA-Ft40x60-cm-768x543.jpg 768w, http:\/\/sonnier.info\/asca\/wp-content\/uploads\/2023\/11\/Affiche-ASCA-Ft40x60-cm-1536x1086.jpg 1536w, http:\/\/sonnier.info\/asca\/wp-content\/uploads\/2023\/11\/Affiche-ASCA-Ft40x60-cm-2048x1448.jpg 2048w\" sizes=\"auto, (max-width: 1024px) 100vw, 1024px\" \/><\/a><\/figure>\n\n\n\n<p id=\"viewer-97r85\">Cette autruche,&nbsp;<em>punk \u00e0 chienne<\/em>&nbsp;tir\u00e9e \u00e0 quatre \u00e9pingles, comme s\u2019en amuse la muse qui a inspir\u00e9 l\u2019artiste&nbsp;<a href=\"https:\/\/www.gazettemedopolitaine.fr\/article\/le-pian-medoc-asca-l-art-pour-et-par-tous\" target=\"_blank\" rel=\"noreferrer noopener\"><strong><u>Aur\u00e9lie Sonnier Calluaud<\/u><\/strong><\/a>, est la nouvelle coqueluche des amateurs d\u2019originalit\u00e9 en mati\u00e8re d\u2019art et\/ou d\u2019id\u00e9e cadeau.<\/p>\n\n\n\n<p id=\"viewer-cqeoo\">\u00ab&nbsp;<em>Une amie m\u2019a demand\u00e9 de lui faire le portrait en mode businesswoman ; elle aime les autruches et j\u2019ai voulu repr\u00e9senter sa personnalit\u00e9, sans tomber dans la moquerie bien s\u00fbr. Marie-Chantal est le surnom que mon amie se donne pour repr\u00e9senter son c\u00f4t\u00e9 \u00ab&nbsp;chic et choc&nbsp;\u00bb, son look classe et son \u00e9tat d\u2019esprit excentrique<\/em>\u00ab&nbsp;, explique l\u2019artiste.<\/p>\n\n\n\n<p id=\"viewer-9ebo5\">Outre le choix de l\u2019animal \u00ab&nbsp;<em>\u00e9lanc\u00e9 et extravagant<\/em>&nbsp;\u00bb qui ressemblerait \u00e0 l\u2019amie en question (grands yeux, nuque fine), Aur\u00e9lie a souhait\u00e9, pour le cou(p), adapter le format de la toile au sujet (40 x 120 cm).<\/p>\n\n\n\n<p id=\"viewer-7l9jo\">Le ph\u00e9nom\u00e8ne de&nbsp;<em>Marie-Chantalisation<\/em>&nbsp;se propage vite et l\u2019engouement sur la toile (celle d\u2019internet) et lors d\u2019expositions prend de l\u2019ampleur.<\/p>\n\n\n\n<p id=\"viewer-8mhhg\">\u00ab&nbsp;<em>Je peins Marie-Chantal sur commande : il suffit de me contacter et de fournir une photo de la personne \u00e0 Marie-Chantaliser ; je vais baser l\u2019\u0153uvre sur plusieurs crit\u00e8res : l\u2019aspect physique et le style, la profession, les origines, les passions et le temp\u00e9rament.<\/em>&nbsp;\u00bb Aur\u00e9lie anime \u00e9galement des ateliers de Marie-Chantalisation afin que le public puisse \u00ab&nbsp;<em>s\u2019approprier le personnage<\/em>\u00ab&nbsp;.<\/p>\n\n\n\n<p id=\"viewer-2jdc9\">Les Marie-Chantal ne sont pas des caricatures et le r\u00e9sultat se veut bienveillant et amusant. Aur\u00e9lie d\u00e9passe le simple cadre du portrait solo : elle fait \u00e9galement les familles, poilus compris, comme en t\u00e9moigne cet autoportrait familial !<\/p>\n\n\n\n<p><strong>Cr\u00e9ation de \u00ab\u00a0Marie-Chantal\u00a0\u00bb \u00e0 votre image<\/strong> <strong>ou celle de votre animal pr\u00e9f\u00e9r\u00e9 !<\/strong><\/p>\n\n\n\n<figure class=\"wp-block-gallery has-nested-images columns-default is-cropped wp-block-gallery-1 is-layout-flex wp-block-gallery-is-layout-flex\">\n<figure class=\"wp-block-image size-large\"><a href=\"https:\/\/sonnier.info\/asca\/wp-content\/uploads\/2023\/11\/vos-animaux.jpg\"><img loading=\"lazy\" decoding=\"async\" width=\"1014\" height=\"454\" data-id=\"360\" src=\"https:\/\/sonnier.info\/asca\/wp-content\/uploads\/2023\/11\/vos-animaux.jpg\" alt=\"\" class=\"wp-image-360\" srcset=\"http:\/\/sonnier.info\/asca\/wp-content\/uploads\/2023\/11\/vos-animaux.jpg 1014w, http:\/\/sonnier.info\/asca\/wp-content\/uploads\/2023\/11\/vos-animaux-300x134.jpg 300w, http:\/\/sonnier.info\/asca\/wp-content\/uploads\/2023\/11\/vos-animaux-768x344.jpg 768w\" sizes=\"auto, (max-width: 1014px) 100vw, 1014px\" \/><\/a><\/figure>\n<\/figure>\n\n\n\n<p>Vous \u00eates nombreux \u00e0 me demander comment obtenir votre Marie Chantal. Quel succ\u00e8s elle a ! Elle est fi\u00e8re.<\/p>\n\n\n\n<p>Mes cr\u00e9ations de \u00ab&nbsp;Marie-Chantal&nbsp;\u00bb sont personnalis\u00e9es : femmes, hommes (les Charles) et enfants. Peinture acrylique. Format 120 cm x 40 cm. Oeuvres prot\u00e9g\u00e9es.<\/p>\n\n\n\n<p><strong>Comment la choisir&nbsp;:<\/strong><\/p>\n\n\n\n<p>-Regardez sur Galerie celle qui vous pla\u00eet et dites-le moi par Messenger ou t\u00e9l\u00e9phone, pour la r\u00e9server (faites vite car si t\u00f4t cr\u00e9\u00e9s, elles s\u2019envolent !)<\/p>\n\n\n\n<p>\u2013 Vous en souhaitez une personnalis\u00e9e. Envoyez-moi la photo de la personne que vous souhaitez en Marie-Chantal. Par Messenger :&nbsp;<a href=\"https:\/\/www.facebook.com\/calluaudsonnier\">https:\/\/www.facebook.com\/calluaudsonnier<\/a>&nbsp;<\/p>\n\n\n\n<p><strong>Comment l\u2019obtenir&nbsp;:<\/strong><\/p>\n\n\n\n<p>-Venez la chercher \u00e0 l\u2019atelier (Pian M\u00e9doc) si vous \u00eates \u00e0 proximit\u00e9 ou s\u2019il vous est possible de venir jusqu\u2019\u00e0 moi.&nbsp;<\/p>\n\n\n\n<p>-Venez la retirer sur l\u2019une des expositions.<\/p>\n\n\n\n<p>-Envoi par transporteur (il vous faudra prendre en charge les frais de livraison).&nbsp;<\/p>\n\n\n\n<p>-Vous n\u2019\u00eates pas loin ou \u00eates sur l\u2019un des environs de mes QG (Le Bouscat, Cap Ferret, Andernos\u2026), je peux alors vous la livrer. Ap\u00e9ro oblige !<\/p>\n\n\n\n<p><strong>Combien&nbsp;:<\/strong><\/p>\n\n\n\n<p>-Paiement de 180 euros \u00e0 la r\u00e9cup\u00e9ration \u00e0 l\u2019atelier ou Paiement 180 euros + frais de livraison (essence pour venir \u00e0 vous ou frais transporteur). Versement en liquide ou ch\u00e8que.<\/p>\n\n\n\n<p><strong>D\u00e9lais&nbsp;:<\/strong><\/p>\n\n\n\n<p>-Variables (je vous le pr\u00e9cise lors de notre \u00e9change Messenger).<\/p>\n\n\n\n<p>La Marie-Chantal se veut chic et choc. Elle ne sera jamais vulgaire, ni une caricature de mauvais go\u00fbt. Car chaque Marie-Chantal est chouchout\u00e9e par mes soins et a toute ma tendresse. Chacune est unique. Dans le respect le plus total de chacun et chacune.&nbsp;<\/p>\n\n\n\n<figure class=\"wp-block-gallery has-nested-images columns-default is-cropped wp-block-gallery-2 is-layout-flex wp-block-gallery-is-layout-flex\">\n<figure class=\"wp-block-image size-large\"><a href=\"https:\/\/sonnier.info\/asca\/wp-content\/uploads\/2023\/11\/IMAGE-MARIE-C.jpg\"><img loading=\"lazy\" decoding=\"async\" width=\"1024\" height=\"382\" data-id=\"338\" src=\"https:\/\/sonnier.info\/asca\/wp-content\/uploads\/2023\/11\/IMAGE-MARIE-C-1024x382.jpg\" alt=\"\" class=\"wp-image-338\" srcset=\"http:\/\/sonnier.info\/asca\/wp-content\/uploads\/2023\/11\/IMAGE-MARIE-C-1024x382.jpg 1024w, http:\/\/sonnier.info\/asca\/wp-content\/uploads\/2023\/11\/IMAGE-MARIE-C-300x112.jpg 300w, http:\/\/sonnier.info\/asca\/wp-content\/uploads\/2023\/11\/IMAGE-MARIE-C-768x286.jpg 768w, http:\/\/sonnier.info\/asca\/wp-content\/uploads\/2023\/11\/IMAGE-MARIE-C.jpg 1057w\" sizes=\"auto, (max-width: 1024px) 100vw, 1024px\" \/><\/a><\/figure>\n<\/figure>\n","protected":false},"excerpt":{"rendered":"<p>Cette autruche,&nbsp;punk \u00e0 chienne&nbsp;tir\u00e9e \u00e0 quatre \u00e9pingles, comme s\u2019en amuse la muse qui a inspir\u00e9 l\u2019artiste&nbsp;Aur\u00e9lie Sonnier Calluaud, est la nouvelle coqueluche des amateurs d\u2019originalit\u00e9 en mati\u00e8re d\u2019art et\/ou d\u2019id\u00e9e cadeau. \u00ab&nbsp;Une amie m\u2019a demand\u00e9 de lui faire le portrait &hellip; <a href=\"http:\/\/sonnier.info\/asca\/?page_id=405\">Continuer la lecture <span class=\"meta-nav\">&rarr;<\/span><\/a><\/p>\n","protected":false},"author":3,"featured_media":0,"parent":0,"menu_order":0,"comment_status":"closed","ping_status":"closed","template":"","meta":{"footnotes":""},"class_list":["post-405","page","type-page","status-publish","hentry"],"_links":{"self":[{"href":"http:\/\/sonnier.info\/asca\/index.php?rest_route=\/wp\/v2\/pages\/405","targetHints":{"allow":["GET"]}}],"collection":[{"href":"http:\/\/sonnier.info\/asca\/index.php?rest_route=\/wp\/v2\/pages"}],"about":[{"href":"http:\/\/sonnier.info\/asca\/index.php?rest_route=\/wp\/v2\/types\/page"}],"author":[{"embeddable":true,"href":"http:\/\/sonnier.info\/asca\/index.php?rest_route=\/wp\/v2\/users\/3"}],"replies":[{"embeddable":true,"href":"http:\/\/sonnier.info\/asca\/index.php?rest_route=%2Fwp%2Fv2%2Fcomments&post=405"}],"version-history":[{"count":6,"href":"http:\/\/sonnier.info\/asca\/index.php?rest_route=\/wp\/v2\/pages\/405\/revisions"}],"predecessor-version":[{"id":480,"href":"http:\/\/sonnier.info\/asca\/index.php?rest_route=\/wp\/v2\/pages\/405\/revisions\/480"}],"wp:attachment":[{"href":"http:\/\/sonnier.info\/asca\/index.php?rest_route=%2Fwp%2Fv2%2Fmedia&parent=405"}],"curies":[{"name":"wp","href":"https:\/\/api.w.org\/{rel}","templated":true}]}}